 are the prime factors of t(18)?
2, 3, 2311
Suppose -3*b + 741 = -3*s, -3*b = 4*s - 2*s - 726. Suppose b = g - 208. What are the prime factors of g?
2, 113
Suppose -4*i = 2*i + 114. Let d be 2*1 - (19 + i). What are the prime factors of ((-2)/2)/(d/(-118))?
59
Suppose 20 = 5*k - 0*k. Suppose 4*n - 4 = k. Suppose -n*p - 39 = -181. List the prime factors of p.
71
Suppose -3*u = 123 + 489. Let t = -79 - u. Suppose -t = 4*m - 9*m. What are the prime factors of m?
5
Suppose 0 = 4*v - 2*v. Suppose 5*t + 2*o - 3168 = 0, v*t - t + o = -628. What are the prime factors of t?
2, 79
Suppose 8*i + 3*i - 242 = 0. Let u be 4 + i/(-18) - 6/(-27). Suppose q + 2*z - 212 = -q, u*z = 5*q - 506. What are the prime factors of q?
103
Let m be (-345)/(-20) + -7 + (-6)/(-8). List the prime factors of (-3)/(2 - m)*(-119103)/(-29).
37
Suppose -x - 5 = -t, -2*t - 9*x - 25 = -4*x. Suppose a - 425 = 3*l, l + t*a = a - 139. What are the prime factors of (l + (1 - 0))/(-34 + 32)?
71
Suppose 3*g + r - 898 = 0, -3 = -r + 1. Let d be g*-2*(3 + 52/(-16)). What are the prime factors of -3*d/(-3) - 1?
2, 37
Suppose -53724 = -5*z + 3*k, 42961 = 161*z - 157*z - 5*k. List the prime factors of z.
3, 3583
Let x(i) = 6*i**3 + 28*i**2 - 4*i + 6. What are the prime factors of x(9)?
2, 3, 19, 29
Let i = 18 + -21. Let t = i + 52. Let q = 124 + t. What are the prime factors of q?
173
Let r = -6892 - -7619. What are the prime factors of r?
727
Let k(u) = 383*u**3 + 10*u - 19. List the prime factors of k(2).
5, 613
Let a be (-51)/12 - (3 - (-13)/(-4)). Let n be ((-244)/28)/(-1) - a/14. Suppose 0 = n*z - 5*z - 740. List the prime factors of z.
5, 37
Let v(g) = -g**3 + 5*g - 2. Let y be v(2). Let j be 10/1*6 - y. Let p = 68 - j. List the prime factors of p.
2
What are the prime factors of (-2 - 4/(-4))*(-2366 + -86)?
2, 613
Let j(q) = -10*q + 31. Let f be j(-18). Suppose 0 = -3*w + 5*y + 633, 8*y = w + 6*y - f. List the prime factors of w.
211
Let i(b) = b**3 - 11*b**2 - 11*b - 9. Let t be (-3)/(-6)*-1 - (-125)/10. Let n be i(t). What are the prime factors of 42 + (-10 - -4)/n*2?
2, 19
Let o(q) = q**2 - 2*q - 15. Let r be o(-3). Suppose -126*c + 117*c + 13536 = r. List the prime factors of c.
2, 47
What are the prime factors of ((-4)/6)/(6/(-52227))?
7, 829
Suppose -3*w = 3*p - 20031, -35*p + 37*p - 33397 = -5*w. List the prime factors of w.
3, 17, 131
Suppose -225*a = -230*a + 25. Suppose a*u - 1428 = -4*q, -4*u + 3*q + 726 = -435. What are the prime factors of u?
2, 3
Suppose -4*q = 5*d + 12, 0*q - 3 = q + 3*d. Let u be 5645/(-30)*-2 + (-2)/q. Let c = u + -115. List the prime factors of c.
2, 131
Suppose -6*l = -2*l. Suppose 3*u = -l + 12. Suppose u*i = 132 + 432. What are the prime factors of i?
3, 47
Let f(r) = -321*r - 1337. What are the prime factors of f(-34)?
61, 157
Let n = 1350 - 1256. Let t be -30 + -2 + 1/(-1). Let r = n - t. What are the prime factors of r?
127
Let r be (1 + -2)/(2 + (-14)/8). Let o(v) = -73*v + 14. Let l be o(r). Suppose 3*t - l = 165. List the prime factors of t.
157
Suppose l = -4*l + 20. Let u = -264 - -267. Suppose -3*f + o = -l, -6 + 4 = 2*f - u*o. What are the prime factors of f?
2
Let q be -9*(12/(-42) + 16/(-42)). What are the prime factors of (-32)/q*((-6)/4 + 0)?
2
Let i be ((-8)/(-16))/(1/4). Suppose -z + 235 = -6*z + 5*u, -i*u = 2. Let n = -32 - z. List the prime factors of n.
2
Let m(d) = 60*d - 32. Let v be (6 + -5)*(5 + -3). What are the prime factors of m(v)?
2, 11
Let r = -19 - -41. Suppose -19*v + r*v - 1002 = 0. List the prime factors of v.
2, 167
Let w = 266 + -261. Suppose 0 = -4*b + w*j + 542, -7*b = -6*b - 4*j - 130. What are the prime factors of b?
2, 3, 23
Suppose -2*l - 4734 = -p, -220*l + 225*l = p - 4758. What are the prime factors of p?
2, 7, 337
Suppose -g + 2*l + 474 = -10180, -4*g + 2*l = -42640. What are the prime factors of g?
2, 3, 1777
Suppose 105*b = 99*b + 6. What are the prime factors of (-252)/(-9)*(-87)/(-12) - b?
2, 101
Let x(s) = s**2 - 8*s + 16. Let o be x(6). Let m(p) = 13*p - 24. Let g be m(o). Suppose n = 4*i - 293, -n - g - 192 = -3*i. List the prime factors of i.
73
Let b = -341 - -208. Let l = 79 - b. Let r = -105 + l. What are the prime factors of r?
107
Suppose 3*v - 6*v + 5*n = -3, -2*v - n + 2 = 0. What are the prime factors of (-3)/9*-1695 - (v - 3)?
3, 7
Let k be (-32)/(-5)*(-10)/(-4). Let g be (-16742)/(-154) - (2 - k/7). What are the prime factors of (-1 - (-1)/(3/6))*g?
109
Suppose 316*b - 28055 = -5*n + 318*b, -2*n + 11213 = b. What are the prime factors of n?
71, 79
Let q = 167 - 8. Suppose 2*c = -107 - 17. Let b = c + q. What are the prime factors of b?
97
Suppose -47136*y = -47124*y - 95244. What are the prime factors of y?
7937
Let a(q) = -q**3 - q**2 - 5*q - 4. Let j be a(-2). Let c(d) = 67*d - 89. What are the prime factors of c(j)?
7, 83
What are the prime factors of 7040 + (3 - 5) + (4 - 0)?
2, 7, 503
Let i(k) = -k**2 + 190*k + 508. What are the prime factors of i(76)?
2, 2293
Let m = -2073 + 3479. Suppose -4*z + 1490 + m = 0. List the prime factors of z.
2, 181
Suppose 3*t - 188 = -155. Let x(s) = 5*s**3 - 51*s**2 - 15*s - 7. What are the prime factors of x(t)?
2, 3, 13
Suppose 2*s + 4*f = -22 + 94, 4*f = -3*s + 100. Suppose 4*c = -16, -3*h = -29*c + s*c - 3172. What are the prime factors of h?
2, 3, 11
Let s(m) = 35*m**3 + m**2 - 8*m - 7. Let n be 5/20*28 + -4. What are the prime factors of s(n)?
13, 71
Suppose 212 = 3*o - 2*f, 5*o + 3*f + 66 = 6*o. List the prime factors of 62*(-6)/o*-6.
31
Suppose 0 = 20*v - 259 - 641. Suppose 43*y - v*y = -1416. List the prime factors of y.
2, 3, 59
Let d = 399 + -367. Suppose d*l - 39700 = -4724. What are the prime factors of l?
1093
Suppose 5*u = -5*x - 74 + 129, x + 44 = 4*u. What are the prime factors of u?
11
Suppose p + 3*p - 4216 = 0. Let i = p - 354. Suppose 0 = 8*w - w - i. What are the prime factors of w?
2, 5
Let q = 4 - -1. What are the prime factors of ((-100)/35)/q - (-20298)/21?
2, 3, 7, 23
Let v be 924/(-99)*(-39)/2. Let a = -77 + v. List the prime factors of a.
3, 5, 7
Suppose 4*i - 3*y - 180 = 0, 26*y - 160 = -4*i + 24*y. Let c(v) = -v**3 + 41*v**2 + 48*v - 68. What are the prime factors of c(i)?
2, 23
Suppose 4*n + 1 = 13. Suppose -2*b - n*j + 969 = 0, 5*j - j = 3*b - 1428. Suppose -4*v = -b + 172. What are the prime factors of v?
7, 11
Suppose 0*n - 18*n + 37*n - 70338 = 0. List the prime factors of n.
2, 3, 617
Let a(l) = -7*l + 13. Let r be a(-5). Let c = 52 - r. Suppose 0 = c*z - 5*y - 251 - 203, 2*z - 240 = -4*y. List the prime factors of z.
2, 29
Let k = 54 - 54. Let c be (0/4)/(1 - 3). Suppose k = 5*m + g - 546, 0 = -m - 4*g - c*g + 94. List the prime factors of m.
2, 5, 11
Suppose -200 = 9*y - 29*y. Suppose 0 = -12*o + y*o + 2406. What are the prime factors of o?
3, 401
Let m(w) be the third derivative of -101*w**4/24 + 43*w**3/3 + 2*w**2 - 34. List the prime factors of m(-6).
2, 173
Let q = 5 + -3. Let p be 101/(-202) - (-9)/2. Suppose p*i = q*l + 2*l - 40, -4*i = 5*l - 95. What are the prime factors of l?
3, 5
Suppose -m - 5*j = -127, -550 = -4*m - 2*j + 3*j. Suppose 0 = -s + 11 - 9. Suppose -s*p - 188 = -5*p - 5*r, m = 2*p + r. What are the prime factors of p?
71
Let d(q) = 21*q**2 - 16*q - 1127. List the prime factors of d(-29).
2, 3, 2833
Suppose 0 = 7*f - 7 - 7. Suppose -2*x = f*x - 2*r - 736, 5*x = 3*r + 921. Suppose 0*m + x = 3*m - 4*z, m - z = 62. List the prime factors of m.
5, 13
Suppose 22*b - 751549 = -155085. What are the prime factors of b?
2, 3389
Suppose 0 = -s - 4*n + 5 - 15, -18 = -3*s + 4*n. Suppose 5*x = s*h - 25, x + h = -h - 5. Let w = 55 + x. What are the prime factors of w?
2, 5
Let w(v) = -v**2 - 14*v - 12. Let a be w(-1). Let r(g) = 280*g - 29. List the prime factors of r(a).
251
Let i = 7428 - 3619. What are the prime factors of i?
13, 293
Let k be 744/(((-1)/(-2))/((-21)/(-9))). Suppose 11*s = 1126 + k. List the prime factors of s.
2, 11, 19
Suppose 75*y - 8292516 = -2220366. What are the prime factors of y?
2, 7, 5783
Let p = -3737 - -5959. Suppose 0 = n + 3*n + 4*w - 2996, 3*n - 2*w - p = 0. List the prime factors of (2/(-4))/((-6)/n).
2, 31
Let c = 2198 + -5025. Let l = c + 4055. What are the prime factors of l?
2, 307
Suppose -5*q + 2*q - 4*j = -19, -2*j + 13 = 5*q. Suppose -t - 3*d = -618 - 650,